= 0. What is the tens digit of w?
1
Let q be ((-15)/(-12))/((-7)/(-28)). Suppose 0 = 3*b - p - 162, q*p + 174 = -b + 4*b. What is the units digit of b?
3
Suppose -3*w = -5*m - 88, 3*w + 28 = 2*m + 119. Suppose 2*l + 0*b - 5*b = w, -4*l = -b - 17. What is the units digit of l?
3
Suppose 5*v - g = 25, -3*g + 2 - 1 = 4*v. Let j be (-11 - -8) + 2*v. Let b = j + 53. What is the tens digit of b?
5
Let o(j) = j**2 - 4*j + 1. Let q be o(4). Suppose 30 = 3*g - x - 4*x, -2*g + 16 = -2*x. What is the units digit of (-10)/g + 25/q?
3
Let d(i) = -6*i + 23. Let o be d(4). What is the hundreds digit of -3 + (262 + o)/1?
2
Let y be (6/4)/(9/(-18)). What is the units digit of 1/(y/546*-2)?
1
Suppose f - 1064 = 4*n, -f - 573 = 3*n - 1623. What is the tens digit of f?
5
Suppose -5*n + 2709 = -k, 3*n = k + 1243 + 384. What is the hundreds digit of n?
5
Suppose 2*a + 2*m - 12 = 0, 5*m - 37 + 13 = -2*a. Let n be (a - 16)*(-3)/6. What is the tens digit of (18/n)/(1/7)?
1
Suppose 0 = -21*w + 17630 - 4463. What is the units digit of w?
7
Let s(a) = 3*a + 26. Suppose 5*j - 43 = 12. What is the units digit of s(j)?
9
Suppose 2*u - n = -2, -u + 5*n = -0*n + 19. Let o = -5 - -4. What is the tens digit of 7*(-3 - u)*o?
2
Suppose 3*v + 3*i - 12 = 0, v + 2*v - i = 4. Suppose v*o = -o + 21. What is the units digit of o?
7
Let u = 3 + 1. Let s(h) = -12*h + 1. Let c be s(-1). Let l = c + u. What is the tens digit of l?
1
Let i(z) be the third derivative of z**4/12 - 3*z**3 - 8*z**2. What is the units digit of i(10)?
2
What is the hundreds digit of 8/10*((-557960)/16)/(-29)?
9
Let y(f) = f**3 + 12*f**2 + 9*f - 10. Let r be y(-10). Suppose -29 = -3*d + r. What is the tens digit of d?
4
Suppose -4*c + 26 = 6. Suppose c*w - 3*w = 62. What is the tens digit of w?
3
Suppose -8*p + 1848 = -1728. What is the tens digit of p?
4
Let d = 409 - 201. Suppose 0 = 41*a - 45*a + d. What is the tens digit of a?
5
Let u = -9 + 21. Suppose -u = -5*b + 3. Suppose -b*r + 11 = -67. What is the tens digit of r?
2
Let b(d) = -19*d + 40*d - 12 - 18*d. Suppose p + 7*s = 4*s - 4, -3*p - s = -12. What is the units digit of b(p)?
3
Let x = -81 + 74. What is the units digit of 716/(-12)*(4 + x)*1?
9
Let l(k) = -k - 14. Let p be l(-14). Suppose p = -g + 3*j - 1 + 105, g + 5*j = 120. What is the hundreds digit of g?
1
Suppose 0 = -2*x + 1 + 5, 2*x + 640 = i. What is the tens digit of i?
4
What is the tens digit of 603*(0 + (2 - 1))?
0
Suppose 36 = 4*g + 4*v, -2*g - 4*v + 4 = -18. Let n = g + -11. Let s = n + 8. What is the units digit of s?
4
Let f(x) = x**3 + 6*x**2 - 17*x + 85. What is the hundreds digit of f(8)?
8
Suppose 0 = 4*f - 4 + 12. What is the tens digit of (585/(-60))/(f/16)?
7
Let x be 62/4 + (-1)/2. Let k(f) = -5*f - 84. Let t be k(-16). Let a = x - t. What is the tens digit of a?
1
Let v(k) = -k**3 + 13*k**2 + 16*k - 10. Let j be v(14). Let r be (-1)/3 + 78/j. Suppose r*o - 7*p + 2*p = 77, -3*p = 5*o - 87. What is the units digit of o?
8
Let n(o) = 1697*o**2 + 13*o - 14. What is the hundreds digit of n(1)?
6
Suppose 4*v + 97 = -3*j, -2*v = -5*j - 4*v - 185. Let g = -31 - j. What is the units digit of 6/g - 1446/(-24)?
1
Let r = -120 + 172. What is the units digit of r - (-1 + 0 + 3)?
0
Let v(s) = -s**2 + 8*s + 2. Let h(j) = j - 1. Let q(f) = 6*h(f) - v(f). Let k(z) = -z - 11. Let c be k(-5). What is the units digit of q(c)?
0
Let r(q) = 28*q**2 + q + 3. Let h be r(3). Suppose -11 = -6*v + 61. What is the tens digit of ((-8)/v)/((-4)/h)?
4
Let v = 2254 + -1748. What is the units digit of v?
6
Let i = 48 + -45. Suppose 6*z = i*z + 513. What is the hundreds digit of z?
1
Let h(q) = 55*q - 1. What is the tens digit of h(11)?
0
Let u be 79/(-11) + 2/11. Let o(n) = -16*n + 13. What is the hundreds digit of o(u)?
1
Let j = -572 + 728. What is the units digit of j?
6
Suppose 3368 = 9*s - 1024. What is the hundreds digit of s?
4
Suppose -3*r = -0*r + 51. Let h = 17 + r. Suppose 87 = 3*q - h. What is the tens digit of q?
2
Suppose 0 = -w + 4*w - 3, 4*w + 6072 = 4*y. What is the hundreds digit of y?
5
Let k = 445 + -346. What is the tens digit of k?
9
Suppose -101 + 31 = -7*p. Let k(a) = -1 + a**2 - 5*a - 2*a - 5. What is the tens digit of k(p)?
2
Suppose -o = -2*o + 2. Suppose -o*z + z = -85. Let p = z - 55. What is the units digit of p?
0
Let d = -194 - -385. Let b = -92 + d. What is the units digit of b?
9
Suppose 0*u + 4*u = -0*u. Suppose u = -6*m + 16*m - 780. What is the units digit of m?
8
Suppose 2*k = -4*u + 8*u - 1936, 2*k = 2*u - 970. What is the hundreds digit of u?
4
Suppose -2*h - h = 4*q - 14, -2*h = -4. Suppose -104 + 14 = -q*n. Suppose 2*i - n = -4*o + 29, 3*o - i - 58 = 0. What is the tens digit of o?
1
Let b = 88 + 1142. What is the hundreds digit of b?
2
Let m(g) = 5 - 8 + 2*g**2 + g**2 - 2*g**2. What is the tens digit of m(-7)?
4
Let t(q) = 3*q**2 - 7*q + 6. Let v be t(3). Let f = v + 16. What is the tens digit of f?
2
Let a = 56 + -18. Suppose -4*d + 3*d = -a. What is the tens digit of d?
3
Suppose -1778 = -9*c + 2*c. What is the units digit of c?
4
What is the units digit of 411 - (-4 - (-7 - -3))?
1
Let z(t) = t**2 - 9*t - 58. What is the tens digit of z(24)?
0
Let z(s) = s**3 - 2*s**2 - 4. Let j be z(6). Let r = j + -95. Let x = r + -22. What is the tens digit of x?
2
Let s(m) = 2*m**2 + 4*m - 4. Suppose 0 = 2*a - 3*a + 6. What is the tens digit of s(a)?
9
Suppose 32 = 10*m - 38. Suppose -m*y + 460 = -1703. What is the tens digit of y?
0
Let f(x) be the third derivative of -19*x**4/24 + 5*x**2. Let r be f(1). Let z = r - -26. What is the units digit of z?
7
Suppose -y - k + 266 = 0, -2*y + 2*k = y - 798. What is the tens digit of y + (-1)/1 + 2?
6
Let s(p) = -3*p**2 + 6*p - 15. Let b(d) = -4*d**2 + 5*d - 16. Let k(m) = -4*b(m) + 5*s(m). What is the tens digit of k(-13)?
2
Suppose -1671*f = -1668*f - 11352. What is the thousands digit of f?
3
Let d = 695 - 217. Suppose z = 3*z - d. What is the tens digit of z?
3
Let a = 428 - 294. What is the hundreds digit of a?
1
Let v(a) = -308*a - 430. What is the units digit of v(-4)?
2
Let q = -67 - -1563. What is the thousands digit of q?
1
Suppose 0 = -3*i + 139 - 46. Let d = -139 - -211. Let w = d - i. What is the units digit of w?
1
Suppose 14*l - 15*l + 3*k = -323, k = 0. What is the tens digit of l?
2
Let k be (-4)/(-10)*(-25)/(-10). Let q(m) = m**3 - 4*m**2 + m - 4. Let u be q(4). Suppose u*j + j - k = 0. What is the units digit of j?
1
Let u = -431 - -935. What is the hundreds digit of u?
5
Let b(q) = q - 5. Let d be b(8). Suppose o + 12 = f, f + d*f - o = 54. Suppose -f = -2*m - 0*m. What is the units digit of m?
7
Let i = 2389 - 761. What is the hundreds digit of i?
6
Let p(f) = -116*f - 6 - 10 - 8 + 31. What is the tens digit of p(-1)?
2
Let n = 1158 - 889. What is the hundreds digit of n?
2
Suppose 26*a = 27873 + 6993. What is the tens digit of a?
4
Let j be (17/(-3)*6/(-2))/(-1). Let m = j + 67. What is the units digit of m?
0
Suppose -m = i - 36, -i + 39 = m + i. Let v = m + -53. What is the units digit of (-1025)/v - 1/4?
1
Suppose -11*h + 6 = -8*h. Let a(b) = 3*b + 2*b - 4*b**2 + 6*b**h - 8. What is the tens digit of a(4)?
4
Suppose -6*x + 8*x = 0. Suppose 0 = -x*u + u - 93. What is the tens digit of u?
9
Let z be ((-154)/(-245) - (-2)/(-10))*7. Suppose z*w + 21 = 90. What is the units digit of w?
3
Let o = 11363 + -7306. What is the hundreds digit of o?
0
Let z be (0/1)/(2 - 1). Suppose 3*m + y - 9 = z, 2*m - m + 4 = 2*y. Suppose m*g = 8 + 6. What is the units digit of g?
7
Let i(x) = 7*x**2 - 25*x - 135. What is the hundreds digit of i(24)?
2
Let u(p) = p**3 - 11*p**2 + 6. Suppose -5*k + 32 = 2*w, -7 = -w + k + k. What is the units digit of u(w)?
6
Suppose -5*a + 2*d - 6 = 6*d, -a = d + 1. What is the tens digit of (6/15)/(a/10) - -13?
1
Suppose s = 3*x + 273, 0*x = -x + 5*s - 105. Let o = x + 135. What is the tens digit of o?
4
Suppose -4*k = -12 + 4. Let x(p) = 3*p**3 - p**2 + p + 3. What is the units digit of x(k)?
5
Let y = -270 - -483. What is the tens digit of y?
1
Let b = -154 - -256. Let d be 1/(-7) + 540/105. Suppose -3*g + b = -z - 5, -5*z + 205 = d*g. What is the tens digit of g?
3
Let f(k) = 51*k**3 + 2*k - 1. Let z be f(1). Suppose 3*x = -x - z. Let r = 10 - x. What is the tens digit of r?
2
Let o(s) = 210*